{"id":79,"date":"2019-04-10T18:08:21","date_gmt":"2019-04-10T18:08:21","guid":{"rendered":"https:\/\/csu-geisenfeld.de\/?page_id=79"},"modified":"2019-11-13T12:37:08","modified_gmt":"2019-11-13T12:37:08","slug":"impressum","status":"publish","type":"page","link":"https:\/\/csu-geisenfeld.de\/?page_id=79","title":{"rendered":"Impressum"},"content":{"rendered":"<p>CSU Ortsverband Geisenfeld<br \/>\nGeistbeckstr. 1a<br \/>\n85290 Geisenfeld<\/p>\n<p>&nbsp;<\/p>\n<h3>Verantwortlich f\u00fcr den Inhalt dieser Internetpr\u00e4senz<\/h3>\n<p>Dr. Michael Pilawa<br \/>\nGeistbeckstr. 1a<br \/>\n85290 Geisenfeld<\/p>\n<h2>Haftungsausschluss \/ Disclaimer<\/h2>\n<h3>Haftung f\u00fcr Inhalte<\/h3>\n<p>Die Inhalte unserer Seiten wurden mitgr\u00f6\u00dfter Sorgfalt erstellt.F\u00fcr die Richtigkeit, Vollst\u00e4ndigkeit und Aktualit\u00e4t der Inhaltek\u00f6nnen wir jedoch keine Gew\u00e4hr \u00fcbernehmen.Als Diensteanbieter sind wir gem\u00e4\u00df \u00a7 7 Abs.1 TMG f\u00fcreigene Inhalte auf diesen Seiten nach den allgemeinen Gesetzen verantwortlich.Nach \u00a7\u00a7 8 bis 10 TMG sind wir als Diensteanbieter jedoch nichtverpflichtet, \u00fcbermittelte oder gespeicherte fremde Informationen zu\u00fcberwachen oder nach Umst\u00e4nden zu forschen, die auf eine rechtswidrigeT\u00e4tigkeit hinweisen. Verpflichtungen zur Entfernung oder Sperrung derNutzung von Informationen nach den allgemeinen Gesetzen bleiben hiervonunber\u00fchrt. Eine diesbez\u00fcgliche Haftung ist jedoch erst ab demZeitpunkt der Kenntnis einer konkreten Rechtsverletzung m\u00f6glich. Beibekannt werden von entsprechenden Rechtsverletzungen werden wir diese Inhalteumgehend entfernen.<\/p>\n<h3>Haftung f\u00fcr Links<\/h3>\n<p>Unser Angebot enth\u00e4lt Links zu externen Webseiten Dritter, auf derenInhalte wir keinen Einfluss haben. Deshalb k\u00f6nnen wir f\u00fcr diesefremden Inhalte auch keine Gew\u00e4hr \u00fcbernehmen. F\u00fcr die Inhalteder verlinkten Seiten ist stets der jeweilige Anbieter oder Betreiber derSeiten verantwortlich. Die verlinkten Seiten wurden zum Zeitpunkt der Verlinkungauf m\u00f6gliche Rechtsverst\u00f6\u00dfe \u00fcberpr\u00fcft. RechtswidrigeInhalte waren zum Zeitpunkt der Verlinkung nicht erkennbar. Eine permanenteinhaltliche Kontrolle der verlinkten Seiten ist jedoch ohne konkrete Anhaltspunkteeiner Rechtsverletzung nicht zumutbar. Bei bekannt werden von Rechtsverletzungenwerden wir derartige Links umgehend entfernen.<\/p>\n<h3>Urheberrecht<\/h3>\n<p>Die durch die Seitenbetreiber erstellten Inhalte und Werke auf diesen Seitenunterliegen dem deutschen Urheberrecht. Beitr\u00e4ge Dritter sind als solchegekennzeichnet. Die Vervielf\u00e4ltigung, Bearbeitung, Verbreitung undjede Art der Verwertung au\u00dferhalb der Grenzen des Urheberrechtes bed\u00fcrfender schriftlichen Zustimmung des jeweiligen Autors bzw. Erstellers. Downloadsund Kopien dieser Seite sind nur f\u00fcr den privaten, nicht kommerziellenGebrauch gestattet.<br \/>\nDie Betreiber der Seiten sind bem\u00fcht, stets die Urheberrechte andererzu beachten bzw. auf selbst erstellte sowie lizenzfreie Werke zur\u00fcckzugreifen.<\/p>\n<h3>Datenschutz<\/h3>\n<p>Soweit auf unseren Seiten personenbezogene Daten (beispielsweise Name,Anschrift oder eMail-Adressen) erhoben werden, erfolgt dies soweit m\u00f6glichstets auf freiwilliger Basis. Die Nutzung der Angebote und Dienste ist,soweit m\u00f6glich, stets ohne Angabe personenbezogener Daten m\u00f6glich.Wir weisen darauf hin, dass die Daten\u00fcbertragung im Internet (z.B.bei der Kommunikation per E-Mail) Sicherheitsl\u00fccken aufweisen kann.Ein l\u00fcckenloser Schutz der Daten vor dem Zugriff durch Dritte ist nichtm\u00f6glich.<\/p>\n<p>Der Nutzung von im Rahmen der Impressumspflicht ver\u00f6ffentlichten Kontaktdatendurch Dritte zur \u00dcbersendung von nicht ausdr\u00fccklich angeforderterWerbung und Informationsmaterialien wird hiermit ausdr\u00fccklich widersprochen.Die Betreiber der Seiten behalten sich ausdr\u00fccklich rechtliche Schritteim Falle der unverlangten Zusendung von Werbeinformationen, etwa durch Spam-Mails,vor.<\/p>\n<p>Quelle: eRecht24.de \u2013 <a href=\"http:\/\/www.e-recht24.de\/\">Rechtsberatung von Anwalt S\u00f6ren Siebert<\/a><\/p>\n","protected":false},"excerpt":{"rendered":"<p>CSU Ortsverband Geisenfeld Geistbeckstr. 1a 85290 Geisenfeld &nbsp; Verantwortlich f\u00fcr den Inhalt dieser Internetpr\u00e4senz Dr. Michael Pilawa Geistbeckstr. 1a 85290&hellip;<\/p>\n","protected":false},"author":1,"featured_media":0,"parent":0,"menu_order":0,"comment_status":"closed","ping_status":"closed","template":"","meta":{"ngg_post_thumbnail":0},"_links":{"self":[{"href":"https:\/\/csu-geisenfeld.de\/index.php?rest_route=\/wp\/v2\/pages\/79"}],"collection":[{"href":"https:\/\/csu-geisenfeld.de\/index.php?rest_route=\/wp\/v2\/pages"}],"about":[{"href":"https:\/\/csu-geisenfeld.de\/index.php?rest_route=\/wp\/v2\/types\/page"}],"author":[{"embeddable":true,"href":"https:\/\/csu-geisenfeld.de\/index.php?rest_route=\/wp\/v2\/users\/1"}],"replies":[{"embeddable":true,"href":"https:\/\/csu-geisenfeld.de\/index.php?rest_route=%2Fwp%2Fv2%2Fcomments&post=79"}],"version-history":[{"count":3,"href":"https:\/\/csu-geisenfeld.de\/index.php?rest_route=\/wp\/v2\/pages\/79\/revisions"}],"predecessor-version":[{"id":348,"href":"https:\/\/csu-geisenfeld.de\/index.php?rest_route=\/wp\/v2\/pages\/79\/revisions\/348"}],"wp:attachment":[{"href":"https:\/\/csu-geisenfeld.de\/index.php?rest_route=%2Fwp%2Fv2%2Fmedia&parent=79"}],"curies":[{"name":"wp","href":"https:\/\/api.w.org\/{rel}","templated":true}]}}